 s(m) be the first derivative of m**4/4 - m**3/3 - 3*m**2/2 - 2*m - 5. Give s(-2).
-8
Let q(m) = 1 + m**2 - 2 + 6 - 3. Let n(r) = r**2 + 4*r - 7. Let k be n(-5). Calculate q(k).
6
Suppose 44*a - 4 = 42*a. Let x = 10 + -6. Let b(g) = 0*g**2 - g**a + x + 0 - 2. Calculate b(-3).
-7
Let f be (-3)/9 - (-1)/3. Let p(m) = -2*m + 15*m**2 - 14*m**2 + 4 + m + 3. Calculate p(f).
7
Let r(s) = -s**3 + 5*s**2 - s + 3. Suppose -k + 4 + 1 = 0. Let o be r(k). Let p(c) = c**3 + c**2 - 3*c - 3. What is p(o)?
-1
Let n be 8 + -10 - (-2 - 1). Let z = 2 + n. Let i = -7 + z. Let t(r) = -r**3 - 5*r**2 - 3*r + 5. What is t(i)?
1
Suppose 0 = z - 2, -4*u + 3*z + 2*z = 2. Let p = u + -6. Let t(l) = 4*l + 12. Let h(n) = -5*n - 13. Let a(d) = p*t(d) - 3*h(d). Determine a(-5).
-4
Let f(a) = -9*a - 7. Let s(h) = -5*h - 4. Let q(p) = -4*f(p) + 7*s(p). Calculate q(-2).
-2
Let z(v) = -3*v + 1. Let y = 0 + -1. What is z(y)?
4
Let q(z) = 5*z + 4. Let j(f) = 6*f + 5. Let s(m) = -6*j(m) + 7*q(m). What is s(-7)?
5
Let b(a) be the third derivative of -1/6*a**3 - 1/60*a**5 + 0 - 1/6*a**4 + 0*a + 2*a**2. Give b(-3).
2
Let a = -7 + 13. Let q = 4 - a. Let l(v) = -2*v**2 - 2*v. Determine l(q).
-4
Let f(x) = -x**3 - x**2 - 1. Let h(l) = -5*l**3 - 9*l**2 - 2*l - 3. Let a(i) = 6*f(i) - h(i). What is a(3)?
3
Let q(u) = -u**3 + u**2 + 2*u. Let y be q(2). Let r(m) be the third derivative of m**6/120 + m**5/60 - m**4/24 - m**3/2 + 2*m**2. Determine r(y).
-3
Suppose -47 = -4*o - 11. Let s(b) = -o - b**2 + 2*b + 2*b + 3 + b. Give s(4).
-2
Let y = 6 - 5. Let v be y/(-3) - (-80)/(-12). Let w be (-2)/(v/(-5) + -1). Let f(q) = q**3 + 5*q**2 - 2*q - 6. Give f(w).
4
Let m(f) be the first derivative of -f**4/4 + 4*f**3/3 - 2*f**2 - 8. What is m(3)?
-3
Let d(w) = -w**3 - 6*w**2 - 2*w + 7. Let r(g) = g**3 - 2*g + 2. Let o be r(2). Suppose -5*i = -4*b - 20, -2*b + o*i - 3*i = 10. Determine d(b).
-8
Let c(z) = 2*z**2 + 3*z - 1. Let q be ((-3)/2)/((-2)/4). Suppose -3*g + q*h = -3, 7*g + h = 3*g - 21. Let v = 1 + g. Give c(v).
8
Suppose -s = 2*a - 2, -4*a = s + 3*s - 12. Let x(t) = t - s + 4 + 1 - 2. Give x(2).
1
Let s(p) = 2*p**3 + 3*p**2 + p + 1. Let b be (-3)/2*(-12)/(-9). Give s(b).
-5
Let v(h) = -h. Let i(x) = 15*x**2 - 2*x + 1. Let f(q) = -i(q) + 2*v(q). What is f(-1)?
-16
Let n(z) be the second derivative of z**5/20 + z**4/6 + z**3/6 + z**2/2 - 7*z. Determine n(-2).
-1
Let w(q) = q**2 + q + 3. Let y be w(-2). Let s(h) = h**2 - 7*h + 4. Give s(y).
-6
Let x = -12 + 12. Let o(v) = v - 5. Let n be o(6). Let g(l) = -3 + n + 7 - l. Give g(x).
5
Let d(k) = k**2 + 3*k + 9. Let o = -53 + 47. Give d(o).
27
Let y(q) = 9*q - 9*q + 13 - 7*q - q**2 - 3. What is y(-7)?
10
Let f(t) be the third derivative of -t**6/720 + 11*t**5/120 - t**4/8 + 3*t**2. Let p(j) be the second derivative of f(j). What is p(0)?
11
Suppose 2*k - 4*g + 16 = -2*k, -3*g = 2*k + 33. Let b be 2 - 5/((-15)/k). Let j(h) = 2*h + 1. Determine j(b).
-1
Suppose 4*m = -4*o + 12, 0*m = 4*m + 2*o - 12. Let t(k) = 0*k**2 - 5 + 2*k + 3 - 2*k**2 + k**m - 1. Give t(2).
1
Let x(a) = -a**2. Let m(j) = j**2 - j - 1. Let f(g) = 4*m(g) - x(g). Let c(d) = d**3 + 11*d**2 - 9*d - 9. Let n(z) = 4*c(z) - 9*f(z). Calculate n(-1).
-5
Suppose -2*k - 5*l + 4*l = 7, 0 = -5*l + 5. Let j(h) be the third derivative of -h**4/24 + h**3/6 + 5*h**2. Determine j(k).
5
Let w(k) = k - 3. Suppose 5*v - 17 = 8. Let c be w(v). Let n(x) = -3*x**2 + 7*x**3 + 3*x**2 + c*x - 1. Calculate n(1).
8
Let o(d) be the first derivative of -d**4/4 - d**3 - d**2 - 4*d + 2. Suppose 0*k = 5*g + 2*k + 36, -g = k + 6. Let l = g - -5. Determine o(l).
2
Let h(a) = -a - 3. Let i = 1 + -1. Suppose -c = 4*g - 2*c - 12, 5*g - 2*c = 15. Suppose i = g*f - 6*f. Determine h(f).
-3
Let m be 1/2*0/2. Let q(k) = 3*k + m*k - 4*k. Let n be 1*1/2*-8. Calculate q(n).
4
Let m(u) = -31*u + 6. Let g(o) = 6*o - 1. Let s(l) = -11*g(l) - 2*m(l). Calculate s(4).
-17
Let o(l) be the second derivative of 1/12*l**4 + 0 + 1/2*l**3 + 1/2*l**2 - 2*l. Suppose -17 + 5 = 5*q + 3*j, -q - 2*j = 1. Calculate o(q).
1
Let g(c) be the first derivative of 2*c**2 + 0*c - 1/3*c**3 - 3. Give g(3).
3
Let b(x) = x**2 + 6*x - 1. Suppose -47 + 17 = 6*i. What is b(i)?
-6
Let s be 2*30/(-16) - (-3)/(-12). Let i(r) = r**3 + 3*r**2 + r + 5. What is i(s)?
-15
Let m be (-1)/3*(-165)/(-5). Let a = -10 - m. Let f(k) = 1 - a + 2*k. Give f(-3).
-6
Let j = -6 - -14. Suppose 2 = 3*b + j. Let r(v) = -3*v**3 - 2*v**2 - 2*v - 2. Let g(c) = 7*c**3 + 4*c**2 + 4*c + 5. Let t(i) = 2*g(i) + 5*r(i). Determine t(b).
4
Let u(l) = -l**2 + 7*l + 9. Let k be u(8). Let i(q) = 3 + 9*q - 4 + k. Give i(-1).
-9
Let u(b) = -18 - 8 - b + 27. What is u(-4)?
5
Let x(g) = g + 5. Let z be (-70)/(-21)*6/4. Give x(z).
10
Let z(g) = -g**3 - 3*g**2 - 4*g - 3. Let v be 15/20 + (46/(-8) - -2). What is z(v)?
9
Let p = -8 + 11. Let t(d) = 28 + 2*d - 27 + 2*d**2 + 3*d**3 - 4*d**3. Determine t(p).
-2
Let m(r) = -r. Let k be m(3). Let g(n) = 2*n + 7. Let v be g(k). Let q(l) = -12*l**3 + l**2 - 2*l + 1. Calculate q(v).
-12
Suppose 4 = -5*o - 4*s + 14, 0 = -3*s. Let p(g) = -32 + 0*g**2 + 5*g**o + g**3 - 6*g - 2*g**2 + 30. Let z(r) = r**2 + 3*r - 2. Let y be z(-2). Calculate p(y).
6
Suppose 0*p - p - 2 = 0. Let v(r) = r**2 - r - 4. Let s(h) = 3*h**2 - 2*h - 9. Let f(q) = 3*s(q) - 7*v(q). What is f(p)?
7
Let j = 28 - 24. Suppose j*v = -v - 20. Let k(f) = -f**2 - 9*f - 1. Let r(x) = x. Let s(z) = k(z) + 4*r(z). Determine s(v).
3
Let a(n) = 6*n**2 - n. Let h(t) = -6*t**2 + 9. Let p(d) = -7*d**2 - d + 10. Let o(l) = -6*h(l) + 5*p(l). Let q be o(6). Let z = 3 - q. Calculate a(z).
5
Let l(w) = w**3 + 3*w**2 - 4*w - 4. Let x(r) = -r**3 - r**2. Let u be x(-1). Suppose -3*p + 5*p + 6 = u. Determine l(p).
8
Let b(o) = 3*o + 0 - 1 + o**2 + o**2 + 0. Determine b(2).
13
Let q(r) = 4*r**3 - r**2 + 1. Let n(h) = -h**2 - 10*h + 12. Let m be n(-11). Let z be q(m). Let l(d) = d**2 - 5*d + 2. What is l(z)?
-2
Let y(h) = 0*h - h + 0*h + 0*h. Let o(f) = 7*f + 8. Let i(v) = o(v) + 6*y(v). Determine i(0).
8
Let c(f) be the second derivative of -2*f**3/3 + 3*f**2/2 + 10*f. Determine c(3).
-9
Let t(x) = x**3 - 6*x**2 + 4*x. Let l be (-6)/(-45) + 146/30. Determine t(l).
-5
Let a(v) = v - 4. Let h be a(0). Let f(m) = -m**2 - 7*m. Give f(h).
12
Let o(d) be the third derivative of d**6/120 - 2*d**5/15 - 3*d**4/8 + 2*d**3/3 - 8*d**2 - 1. What is o(9)?
4
Let x(b) be the third derivative of -b**4/24 + b**3/3 + 4*b**2. Suppose -3 - 7 = -5*h. Suppose -h*w - w = -6. Determine x(w).
0
Let n(w) be the first derivative of w**6/120 - w**5/15 + w**4/12 + 3*w**2/2 + 2. Let i(h) be the second derivative of n(h). Determine i(4).
8
Let v(s) = 0 - 11*s**2 + 10*s + 222*s**3 - 221*s**3 - 3. Determine v(10).
-3
Let x(c) = -c**2 - 9*c + 34. Let y be x(-12). Let h(i) = 4*i**2 + 2*i - 2. Determine h(y).
10
Let o(g) = -3*g**3 - 9*g**2 + 25*g + 11. Let d(b) = 2*b**3 + 6*b**2 - 17*b - 7. Let z(y) = 7*d(y) + 5*o(y). Suppose 0 = 2*m + 3 + 5. Calculate z(m).
-2
Let w be (-4)/14 - 16/(-7). Let g(z) be the first derivative of -2*z**w + z + 0*z + 2*z - 2 - 2*z. Give g(2).
-7
Suppose 0 = t - 2*t + 66. Suppose 5*f = -4*b - t, -2*f + 3*b - 4*b - 24 = 0. Let x = 6 + f. Let j(d) = d - 5. Calculate j(x).
-9
Let b(j) = j**3 - 6*j**2 - 8*j - 5. Suppose 125*d = 128*d - 21. What is b(d)?
-12
Let j(b) = b**3 + 4*b**2 + 4*b + 3. Let a = 2 - 2. Suppose 2*i + a*l = -2*l - 2, 4*i - l + 9 = 0. Determine j(i).
3
Let p be 1/4 - 66/(-24). Let b(q) = -5*q**2 - 2*q + q**p - 1 + 6*q**2 + 2*q**2. Give b(-2).
7
Let c(z) = -3*z - 34. Let s be c(-12). Let j(b) = -3*b**2 + b + 2. Determine j(s).
-8
Let f(r) be the second derivative of 2*r + 1/6*r**3 + 0 + 9/2*r**2. Let b(i) = -2*i**3 + 3*i**2 - 2*i + 3. Let v be b(2). Give f(v).
4
Let q(u) = -u**2 - 18 + 37 - 6*u - 20 + 0*u**2. Give q(-6).
-1
Let u(i) = -i**3 + 3*i**2 + i - 3. Let j be u(3). Let o = 0 + j. Let d(k) = o*k - 4 + 3*k - 4*k. Determine d(-5).
1
Let i = -21 - -16. Let k(u) = -u**2 - 3*u - 3. What is k(i)?
-13
Let g(z) = 2*z - 33 + 4*z + 35 - z**2. Calculate g(4).
10
Let o(p) = p**2 + p - 4. Suppose 4*d + 5*i = -8 - 18, -18 = 4*d + i. Calculate o(d).
8
Let w(a) = 4*a - 5. Let k(i) = 4*i - 5. Let f(y) = 2*k(y) - 3*w(y). Let q(o) = 1 - 5*o + 6 - 1. Let r(z) = -7*f(z) + 6*q(z). What is r(1)?
-1
Let q(b) be the first derivati